{"id":13,"date":"2014-06-10T23:35:09","date_gmt":"2014-06-10T21:35:09","guid":{"rendered":"http:\/\/xn--lttjestrandflieder-m6b.de\/?page_id=13"},"modified":"2019-05-29T10:06:57","modified_gmt":"2019-05-29T08:06:57","slug":"umgebung","status":"publish","type":"page","link":"https:\/\/www.xn--lttjestrandflieder-m6b.de\/?page_id=13","title":{"rendered":"Umgebung"},"content":{"rendered":"<p>Die Ferienwohnung befindet sich in der Wohnanlage L\u00fcttje Legde 11 im 5. Stock (Aufzug) mit sch\u00f6nstem Blick \u00fcber Deich, Surfschule und Yachthafen.<\/p>\n<figure id=\"attachment_295\" aria-describedby=\"caption-attachment-295\" style=\"width: 300px\" class=\"wp-caption aligncenter\"><a href=\"http:\/\/www.xn--lttjestrandflieder-m6b.de\/wp-content\/uploads\/2019\/05\/Die-Surfschule-vor-der-Haustu\u0308r.jpg\"><img loading=\"lazy\" decoding=\"async\" class=\"size-medium wp-image-295\" src=\"http:\/\/www.xn--lttjestrandflieder-m6b.de\/wp-content\/uploads\/2019\/05\/Die-Surfschule-vor-der-Haustu\u0308r-300x225.jpg\" alt=\"\" width=\"300\" height=\"225\" srcset=\"https:\/\/www.xn--lttjestrandflieder-m6b.de\/wp-content\/uploads\/2019\/05\/Die-Surfschule-vor-der-Haustu\u0308r-300x225.jpg 300w, https:\/\/www.xn--lttjestrandflieder-m6b.de\/wp-content\/uploads\/2019\/05\/Die-Surfschule-vor-der-Haustu\u0308r-768x576.jpg 768w, https:\/\/www.xn--lttjestrandflieder-m6b.de\/wp-content\/uploads\/2019\/05\/Die-Surfschule-vor-der-Haustu\u0308r-1024x768.jpg 1024w, https:\/\/www.xn--lttjestrandflieder-m6b.de\/wp-content\/uploads\/2019\/05\/Die-Surfschule-vor-der-Haustu\u0308r.jpg 1280w\" sizes=\"auto, (max-width: 300px) 100vw, 300px\" \/><\/a><figcaption id=\"caption-attachment-295\" class=\"wp-caption-text\">Die Surfschule vor der Haustu\u0308r<\/figcaption><\/figure>\n<figure id=\"attachment_306\" aria-describedby=\"caption-attachment-306\" style=\"width: 300px\" class=\"wp-caption aligncenter\"><a href=\"http:\/\/www.xn--lttjestrandflieder-m6b.de\/wp-content\/uploads\/2019\/05\/Surfbucht-bei-Hochwasser-Flut.jpg\"><img loading=\"lazy\" decoding=\"async\" class=\"size-medium wp-image-306\" src=\"http:\/\/www.xn--lttjestrandflieder-m6b.de\/wp-content\/uploads\/2019\/05\/Surfbucht-bei-Hochwasser-Flut-300x225.jpg\" alt=\"\" width=\"300\" height=\"225\" srcset=\"https:\/\/www.xn--lttjestrandflieder-m6b.de\/wp-content\/uploads\/2019\/05\/Surfbucht-bei-Hochwasser-Flut-300x225.jpg 300w, https:\/\/www.xn--lttjestrandflieder-m6b.de\/wp-content\/uploads\/2019\/05\/Surfbucht-bei-Hochwasser-Flut-768x576.jpg 768w, https:\/\/www.xn--lttjestrandflieder-m6b.de\/wp-content\/uploads\/2019\/05\/Surfbucht-bei-Hochwasser-Flut-1024x768.jpg 1024w\" sizes=\"auto, (max-width: 300px) 100vw, 300px\" \/><\/a><figcaption id=\"caption-attachment-306\" class=\"wp-caption-text\">Surfbucht bei Hochwasser<\/figcaption><\/figure>\n<figure id=\"attachment_305\" aria-describedby=\"caption-attachment-305\" style=\"width: 300px\" class=\"wp-caption aligncenter\"><a href=\"http:\/\/www.xn--lttjestrandflieder-m6b.de\/wp-content\/uploads\/2019\/05\/Strandflieder-am-Rande-der-Surfbucht.jpg\"><img loading=\"lazy\" decoding=\"async\" class=\"size-medium wp-image-305\" src=\"http:\/\/www.xn--lttjestrandflieder-m6b.de\/wp-content\/uploads\/2019\/05\/Strandflieder-am-Rande-der-Surfbucht-300x225.jpg\" alt=\"\" width=\"300\" height=\"225\" srcset=\"https:\/\/www.xn--lttjestrandflieder-m6b.de\/wp-content\/uploads\/2019\/05\/Strandflieder-am-Rande-der-Surfbucht-300x225.jpg 300w, https:\/\/www.xn--lttjestrandflieder-m6b.de\/wp-content\/uploads\/2019\/05\/Strandflieder-am-Rande-der-Surfbucht-768x576.jpg 768w, https:\/\/www.xn--lttjestrandflieder-m6b.de\/wp-content\/uploads\/2019\/05\/Strandflieder-am-Rande-der-Surfbucht-1024x768.jpg 1024w\" sizes=\"auto, (max-width: 300px) 100vw, 300px\" \/><\/a><figcaption id=\"caption-attachment-305\" class=\"wp-caption-text\">Strandflieder am Rande der Surfbucht<\/figcaption><\/figure>\n<figure id=\"attachment_292\" aria-describedby=\"caption-attachment-292\" style=\"width: 300px\" class=\"wp-caption aligncenter\"><a href=\"http:\/\/www.xn--lttjestrandflieder-m6b.de\/wp-content\/uploads\/2019\/05\/Blick-vom-N-Fenster-auf-die-Hauptschifffahrtslinie.jpg\"><img loading=\"lazy\" decoding=\"async\" class=\"size-medium wp-image-292\" src=\"http:\/\/www.xn--lttjestrandflieder-m6b.de\/wp-content\/uploads\/2019\/05\/Blick-vom-N-Fenster-auf-die-Hauptschifffahrtslinie-300x225.jpg\" alt=\"\" width=\"300\" height=\"225\" srcset=\"https:\/\/www.xn--lttjestrandflieder-m6b.de\/wp-content\/uploads\/2019\/05\/Blick-vom-N-Fenster-auf-die-Hauptschifffahrtslinie-300x225.jpg 300w, https:\/\/www.xn--lttjestrandflieder-m6b.de\/wp-content\/uploads\/2019\/05\/Blick-vom-N-Fenster-auf-die-Hauptschifffahrtslinie-768x576.jpg 768w, https:\/\/www.xn--lttjestrandflieder-m6b.de\/wp-content\/uploads\/2019\/05\/Blick-vom-N-Fenster-auf-die-Hauptschifffahrtslinie-1024x768.jpg 1024w\" sizes=\"auto, (max-width: 300px) 100vw, 300px\" \/><\/a><figcaption id=\"caption-attachment-292\" class=\"wp-caption-text\">Blick vom Nordfenster auf die gro\u00dfe Schifffahrtslinie<\/figcaption><\/figure>\n<figure id=\"attachment_293\" aria-describedby=\"caption-attachment-293\" style=\"width: 300px\" class=\"wp-caption aligncenter\"><a href=\"http:\/\/www.xn--lttjestrandflieder-m6b.de\/wp-content\/uploads\/2019\/05\/Blick-vom-Yachthafen-auf-Lu\u0308ttje-Legde.jpg\"><img loading=\"lazy\" decoding=\"async\" class=\"size-medium wp-image-293\" src=\"http:\/\/www.xn--lttjestrandflieder-m6b.de\/wp-content\/uploads\/2019\/05\/Blick-vom-Yachthafen-auf-Lu\u0308ttje-Legde-300x225.jpg\" alt=\"\" width=\"300\" height=\"225\" srcset=\"https:\/\/www.xn--lttjestrandflieder-m6b.de\/wp-content\/uploads\/2019\/05\/Blick-vom-Yachthafen-auf-Lu\u0308ttje-Legde-300x225.jpg 300w, https:\/\/www.xn--lttjestrandflieder-m6b.de\/wp-content\/uploads\/2019\/05\/Blick-vom-Yachthafen-auf-Lu\u0308ttje-Legde-768x576.jpg 768w, https:\/\/www.xn--lttjestrandflieder-m6b.de\/wp-content\/uploads\/2019\/05\/Blick-vom-Yachthafen-auf-Lu\u0308ttje-Legde-1024x768.jpg 1024w\" sizes=\"auto, (max-width: 300px) 100vw, 300px\" \/><\/a><figcaption id=\"caption-attachment-293\" class=\"wp-caption-text\">Blick vom Yachthafen auf Lu\u0308ttje Legde<\/figcaption><\/figure>\n<figure id=\"attachment_289\" aria-describedby=\"caption-attachment-289\" style=\"width: 300px\" class=\"wp-caption aligncenter\"><a href=\"http:\/\/www.xn--lttjestrandflieder-m6b.de\/wp-content\/uploads\/2019\/05\/Abendstimmung-am-Yachthafen.jpg\"><img loading=\"lazy\" decoding=\"async\" class=\"size-medium wp-image-289\" src=\"http:\/\/www.xn--lttjestrandflieder-m6b.de\/wp-content\/uploads\/2019\/05\/Abendstimmung-am-Yachthafen-300x225.jpg\" alt=\"\" width=\"300\" height=\"225\" srcset=\"https:\/\/www.xn--lttjestrandflieder-m6b.de\/wp-content\/uploads\/2019\/05\/Abendstimmung-am-Yachthafen-300x225.jpg 300w, https:\/\/www.xn--lttjestrandflieder-m6b.de\/wp-content\/uploads\/2019\/05\/Abendstimmung-am-Yachthafen-768x576.jpg 768w, https:\/\/www.xn--lttjestrandflieder-m6b.de\/wp-content\/uploads\/2019\/05\/Abendstimmung-am-Yachthafen-1024x768.jpg 1024w\" sizes=\"auto, (max-width: 300px) 100vw, 300px\" \/><\/a><figcaption id=\"caption-attachment-289\" class=\"wp-caption-text\">Abendstimmung am Yachthafen<\/figcaption><\/figure>\n<figure id=\"attachment_290\" aria-describedby=\"caption-attachment-290\" style=\"width: 300px\" class=\"wp-caption aligncenter\"><a href=\"http:\/\/www.xn--lttjestrandflieder-m6b.de\/wp-content\/uploads\/2019\/05\/Aussichtspunkt-am-Nordstrand.jpg\"><img loading=\"lazy\" decoding=\"async\" class=\"size-medium wp-image-290\" src=\"http:\/\/www.xn--lttjestrandflieder-m6b.de\/wp-content\/uploads\/2019\/05\/Aussichtspunkt-am-Nordstrand-300x225.jpg\" alt=\"\" width=\"300\" height=\"225\" srcset=\"https:\/\/www.xn--lttjestrandflieder-m6b.de\/wp-content\/uploads\/2019\/05\/Aussichtspunkt-am-Nordstrand-300x225.jpg 300w, https:\/\/www.xn--lttjestrandflieder-m6b.de\/wp-content\/uploads\/2019\/05\/Aussichtspunkt-am-Nordstrand-768x576.jpg 768w, https:\/\/www.xn--lttjestrandflieder-m6b.de\/wp-content\/uploads\/2019\/05\/Aussichtspunkt-am-Nordstrand-1024x768.jpg 1024w\" sizes=\"auto, (max-width: 300px) 100vw, 300px\" \/><\/a><figcaption id=\"caption-attachment-290\" class=\"wp-caption-text\">Aussichtspunkt am Nordstrand<\/figcaption><\/figure>\n<figure id=\"attachment_301\" aria-describedby=\"caption-attachment-301\" style=\"width: 300px\" class=\"wp-caption aligncenter\"><a href=\"http:\/\/www.xn--lttjestrandflieder-m6b.de\/wp-content\/uploads\/2019\/05\/Mo\u0308wen-und-Meer.jpg\"><img loading=\"lazy\" decoding=\"async\" class=\"size-medium wp-image-301\" src=\"http:\/\/www.xn--lttjestrandflieder-m6b.de\/wp-content\/uploads\/2019\/05\/Mo\u0308wen-und-Meer-300x225.jpg\" alt=\"\" width=\"300\" height=\"225\" srcset=\"https:\/\/www.xn--lttjestrandflieder-m6b.de\/wp-content\/uploads\/2019\/05\/Mo\u0308wen-und-Meer-300x225.jpg 300w, https:\/\/www.xn--lttjestrandflieder-m6b.de\/wp-content\/uploads\/2019\/05\/Mo\u0308wen-und-Meer-768x576.jpg 768w, https:\/\/www.xn--lttjestrandflieder-m6b.de\/wp-content\/uploads\/2019\/05\/Mo\u0308wen-und-Meer-1024x768.jpg 1024w, https:\/\/www.xn--lttjestrandflieder-m6b.de\/wp-content\/uploads\/2019\/05\/Mo\u0308wen-und-Meer.jpg 1280w\" sizes=\"auto, (max-width: 300px) 100vw, 300px\" \/><\/a><figcaption id=\"caption-attachment-301\" class=\"wp-caption-text\">Mo\u0308wen und Meer<\/figcaption><\/figure>\n<figure id=\"attachment_302\" aria-describedby=\"caption-attachment-302\" style=\"width: 300px\" class=\"wp-caption aligncenter\"><a href=\"http:\/\/www.xn--lttjestrandflieder-m6b.de\/wp-content\/uploads\/2019\/05\/Reitvergnu\u0308gen-am-Strand.jpg\"><img loading=\"lazy\" decoding=\"async\" class=\"size-medium wp-image-302\" src=\"http:\/\/www.xn--lttjestrandflieder-m6b.de\/wp-content\/uploads\/2019\/05\/Reitvergnu\u0308gen-am-Strand-300x225.jpg\" alt=\"\" width=\"300\" height=\"225\" srcset=\"https:\/\/www.xn--lttjestrandflieder-m6b.de\/wp-content\/uploads\/2019\/05\/Reitvergnu\u0308gen-am-Strand-300x225.jpg 300w, https:\/\/www.xn--lttjestrandflieder-m6b.de\/wp-content\/uploads\/2019\/05\/Reitvergnu\u0308gen-am-Strand-768x576.jpg 768w, https:\/\/www.xn--lttjestrandflieder-m6b.de\/wp-content\/uploads\/2019\/05\/Reitvergnu\u0308gen-am-Strand-1024x768.jpg 1024w, https:\/\/www.xn--lttjestrandflieder-m6b.de\/wp-content\/uploads\/2019\/05\/Reitvergnu\u0308gen-am-Strand.jpg 1280w\" sizes=\"auto, (max-width: 300px) 100vw, 300px\" \/><\/a><figcaption id=\"caption-attachment-302\" class=\"wp-caption-text\">Reitvergnu\u0308gen am Strand<\/figcaption><\/figure>\n<figure id=\"attachment_304\" aria-describedby=\"caption-attachment-304\" style=\"width: 300px\" class=\"wp-caption aligncenter\"><a href=\"http:\/\/www.xn--lttjestrandflieder-m6b.de\/wp-content\/uploads\/2019\/05\/Sonnenuntergang-am-Meer.jpg\"><img loading=\"lazy\" decoding=\"async\" class=\"size-medium wp-image-304\" src=\"http:\/\/www.xn--lttjestrandflieder-m6b.de\/wp-content\/uploads\/2019\/05\/Sonnenuntergang-am-Meer-300x225.jpg\" alt=\"\" width=\"300\" height=\"225\" srcset=\"https:\/\/www.xn--lttjestrandflieder-m6b.de\/wp-content\/uploads\/2019\/05\/Sonnenuntergang-am-Meer-300x225.jpg 300w, https:\/\/www.xn--lttjestrandflieder-m6b.de\/wp-content\/uploads\/2019\/05\/Sonnenuntergang-am-Meer-768x576.jpg 768w, https:\/\/www.xn--lttjestrandflieder-m6b.de\/wp-content\/uploads\/2019\/05\/Sonnenuntergang-am-Meer-1024x768.jpg 1024w\" sizes=\"auto, (max-width: 300px) 100vw, 300px\" \/><\/a><figcaption id=\"caption-attachment-304\" class=\"wp-caption-text\">Sonnenuntergang am Meer<\/figcaption><\/figure>\n<p>&nbsp;<\/p>\n","protected":false},"excerpt":{"rendered":"<p>Die Ferienwohnung befindet sich in der Wohnanlage L\u00fcttje Legde 11 im 5. Stock (Aufzug) mit sch\u00f6nstem Blick \u00fcber Deich, Surfschule und Yachthafen. &nbsp;<\/p>\n","protected":false},"author":3,"featured_media":0,"parent":0,"menu_order":0,"comment_status":"closed","ping_status":"closed","template":"","meta":{"footnotes":""},"class_list":["post-13","page","type-page","status-publish","hentry"],"_links":{"self":[{"href":"https:\/\/www.xn--lttjestrandflieder-m6b.de\/index.php?rest_route=\/wp\/v2\/pages\/13","targetHints":{"allow":["GET"]}}],"collection":[{"href":"https:\/\/www.xn--lttjestrandflieder-m6b.de\/index.php?rest_route=\/wp\/v2\/pages"}],"about":[{"href":"https:\/\/www.xn--lttjestrandflieder-m6b.de\/index.php?rest_route=\/wp\/v2\/types\/page"}],"author":[{"embeddable":true,"href":"https:\/\/www.xn--lttjestrandflieder-m6b.de\/index.php?rest_route=\/wp\/v2\/users\/3"}],"replies":[{"embeddable":true,"href":"https:\/\/www.xn--lttjestrandflieder-m6b.de\/index.php?rest_route=%2Fwp%2Fv2%2Fcomments&post=13"}],"version-history":[{"count":13,"href":"https:\/\/www.xn--lttjestrandflieder-m6b.de\/index.php?rest_route=\/wp\/v2\/pages\/13\/revisions"}],"predecessor-version":[{"id":355,"href":"https:\/\/www.xn--lttjestrandflieder-m6b.de\/index.php?rest_route=\/wp\/v2\/pages\/13\/revisions\/355"}],"wp:attachment":[{"href":"https:\/\/www.xn--lttjestrandflieder-m6b.de\/index.php?rest_route=%2Fwp%2Fv2%2Fmedia&parent=13"}],"curies":[{"name":"wp","href":"https:\/\/api.w.org\/{rel}","templated":true}]}}